undreds digit of 345003?
0
What is the tens digit of 274139?
3
What is the thousands digit of 17794113?
4
What is the hundreds digit of 8532623?
6
What is the hundred thousands digit of 116003?
1
What is the tens digit of 48023?
2
What is the thousands digit of 926192?
6
What is the hundreds digit of 1314316?
3
What is the ten thousands digit of 2128181?
2
What is the hundreds digit of 90875?
8
What is the tens digit of 49690?
9
What is the ten thousands digit of 823984?
2
What is the thousands digit of 629610?
9
What is the hundreds digit of 4396289?
2
What is the millions digit of 16185503?
6
What is the tens digit of 21592585?
8
What is the ten thousands digit of 317730?
1
What is the ten thousands digit of 18536567?
3
What is the units digit of 30844518?
8
What is the hundreds digit of 28393812?
8
What is the millions digit of 12822550?
2
What is the hundred thousands digit of 182833?
1
What is the hundreds digit of 203140?
1
What is the hundred thousands digit of 11166487?
1
What is the units digit of 590434?
4
What is the tens digit of 377218?
1
What is the thousands digit of 6183801?
3
What is the hundred thousands digit of 1359460?
3
What is the hundred thousands digit of 1978300?
9
What is the hundred thousands digit of 11917950?
9
What is the ten thousands digit of 568842?
6
What is the units digit of 2051369?
9
What is the ten thousands digit of 337770?
3
What is the millions digit of 2520118?
2
What is the ten thousands digit of 616591?
1
What is the tens digit of 167714?
1
What is the hundreds digit of 315581?
5
What is the units digit of 928188?
8
What is the thousands digit of 399625?
9
What is the ten thousands digit of 453636?
5
What is the units digit of 3401838?
8
What is the tens digit of 3445350?
5
What is the ten thousands digit of 2674629?
7
What is the hundred thousands digit of 30605362?
6
What is the hundreds digit of 241614?
6
What is the ten thousands digit of 287876?
8
What is the thousands digit of 5393519?
3
What is the tens digit of 1836280?
8
What is the millions digit of 1644494?
1
What is the hundred thousands digit of 187535?
1
What is the hundreds digit of 2457?
4
What is the tens digit of 1589698?
9
What is the tens digit of 363371?
7
What is the tens digit of 1580446?
4
What is the units digit of 223687?
7
What is the hundreds digit of 7045372?
3
What is the hundreds digit of 163757?
7
What is the units digit of 8287361?
1
What is the thousands digit of 20923381?
3
What is the thousands digit of 8267265?
7
What is the thousands digit of 635950?
5
What is the millions digit of 12350655?
2
What is the units digit of 2935221?
1
What is the ten millions digit of 11651469?
1
What is the thousands digit of 11102318?
2
What is the hundreds digit of 630894?
8
What is the hundreds digit of 554457?
4
What is the tens digit of 679512?
1
What is the millions digit of 9191593?
9
What is the tens digit of 40269?
6
What is the tens digit of 12476?
7
What is the tens digit of 475282?
8
What is the tens digit of 1039299?
9
What is the thousands digit of 10822599?
2
What is the hundreds digit of 656189?
1
What is the thousands digit of 342480?
2
What is the tens digit of 2535393?
9
What is the units digit of 540983?
3
What is the hundreds digit of 5046714?
7
What is the ten thousands digit of 79042?
7
What is the ten thousands digit of 252960?
5
What is the ten millions digit of 16766429?
1
What is the hundreds digit of 15410346?
3
What is the hundred thousands digit of 2852384?
8
What is the thousands digit of 79552?
9
What is the hundreds digit of 393306?
3
What is the hundred thousands digit of 918400?
9
What is the thousands digit of 18808754?
8
What is the units digit of 11890?
0
What is the tens digit of 137192?
9
What is the thousands digit of 56465?
6
What is the tens digit of 874126?
2
What is the hundreds digit of 260484?
4
What is the hundreds digit of 2759645?
6
What is the thousands digit of 1329859?
9
What is the hundred thousands digit of 12022893?
0
What is the thousands digit of 3672764?
2
What is the units digit of 4267?
7
What is the hundreds digit of 376455?
4
What is the hundreds digit of 1989781?
7
What is the ten thousands digit of 10071135?
7
What is the hundred thousands digit of 25307246?
3
What is the units digit of 6476575?
5
What is the hundred thousands digit of 3369364?
3
What is the ten thousands digit of 629041?
2
What is the hundreds digit of 4176502?
5
What is the millions digit of 9562992?
9
What is the thousands digit of 26036023?
6
What is the hundred thousands digit of 919248?
9
What is the hundred thousands digit of 102457?
1
What is the units digit of 430557?
7
What is the units digit of 9681015?
5
What is the tens digit of 5877413?
1
What is the millions digit of 3565524?
3
What is the tens digit of 4386726?
2
What is the tens digit of 12702164?
6
What is the millions digit of 2484727?
2
What is the thousands digit of 47827?
7
What is the tens digit of 87800?
0
What is the units digit of 2586767?
7
What is the hundreds digit of 838418?
4
What is the units digit of 9455658?
8
What is the ten thousands digit of 692999?
9
What is the thousands digit of 1096334?
6
What is the units digit of 174643?
3
What is the units digit of 227644?
4
What is the hundreds digit of 76561?
5
What is the ten thousands digit of 1010950?
1
What is the thousands digit of 196857?
6
What is the units digit of 39482?
2
What is the hundreds digit of 7617160?
1
What is the ten thousands digit of 16512547?
1
What is the hundred thousands digit of 2833967?
8
What is the ten thousands digit of 461668?
6
What is the thousands digit of 11062572?
2
What is the thousands digit of 2402?
2
What is the tens digit of 7565826?
2
What is the hundreds digit of 1288145?
1
What is the hundreds digit of 268510?
5
What is the tens digit of 325421?
2
What is the hundred thousands digit of 9794305?
7
What is the hundreds digit of 6631199?
1
What is the thousands digit of 407727?
7
What is the units digit of 1955837?
7
What is the hundreds digit of 13348775?
7
What is the units digit of 51497?
7
What is the ten thousands digit of 8815134?
1
What is the units digit of 182420?
0
What is the ten thousands digit of 84485?
8
What is the thousands digit of 219715?
9
What is the millions digit of 20076851?
0
What is the ten thousands digit of 475780?
7
What is the units digit of 37064?
4
What is the ten thousands digit of 299737?
9
What is the tens digit of 69759?
5
What is the millions digit of 1875218?
1
What is the units digit of 1733117?
7
What is the ten thousands digit of 74710?
7
What is the tens digit of 1388130?
3
What is the hundreds digit of 5600090?
0
What is the units digit of 5778589?
9
What is the thousands digit of 35654272?
4
What is the tens digit of 100582?
8
What is the tens digit of 3866214?
1
What is the tens digit of 9930864?
6
What is the thousands digit of 4957422?
7
What is the tens digit of 12226753?
5
What is the hundred thousands digit of 11675995?
6
What is the ten thousands digit of 44006?
4
What is the units digit of 34152695?
5
What is the tens digit of 284017?
1
What is the ten thousands digit of 32168324?
6
What is the millions digit of 2418841?
2
What is the hundreds digit of 866529?
5
What is the units digit of 384186?
6
What is the ten thousands digit of 618733?
1
What is the thousands digit of 442470?
2
What is the hundred thousands digit of 5733542?
7
What is the ten thousands digit of 13705404?
0
What is the ten thousands digit of 4384529?
8
What is the thousands digit of 36096?
6
What is the hundred thousands digit of 7670574?
6
What is the hundred thousands digit of 2441327?
4
What is the hundreds digit of 199546?
5
What is the hundreds digit of 685732?
7
What is the units digit of 59160?
0
What is the units digit of 8028052?
2
What is the ten thousands digit of 364734?
6
What is the thousands digit of 184060?
4
What is the hundred thousands digit of 852304?
8
What is the units digit of 1530058?
8
What is the millions digit of 15322101?
5
What is the hundreds digit of 2109357?
3
What is the hundreds digit of 18943553?
5
What is the units digit of 30934604?
4
What is the hundreds digit of 1283833?
8
What is the hundreds digit of 4119?
1
What is the ten thousands digit of 6524187?
2
What is th